pose -3*g - 12 = -3*o, -g + p = 3*o + 8. Let t(d) = -d**2 + 2*d. Let n be t(g). Calculate v(n).
7
Let m(p) be the second derivative of -p**5/20 - 7*p**4/12 - 2*p**2 + 232*p. Let k(j) = j**2 - 3*j - 4. Let w be k(-4). Let s = 17 - w. Determine m(s).
-4
Suppose 2*n = -4*n + 24. Suppose 2*b = 4*p + 4, -4*p + 2 - n = -b. Let c(h) = 2*h**2 - 6*h**2 - 2*h**2 - 1 + 4*h**2 + h**3. Give c(b).
-1
Let k(j) = 24*j - 31. Let l(r) = 11*r - 14. Let y(i) = -6*k(i) + 13*l(i). Let m(t) = 2*t - 3. Let x be m(4). Determine y(x).
-1
Let f = -457 + 465. Let t(r) be the first derivative of 1/2*r**2 + r - f. Calculate t(0).
1
Suppose 18 = 5*l - 7. Suppose 0 = -5*g - l + 15. Let m(r) = -g*r - 5*r - 3 + 2*r - r. Determine m(-2).
9
Let i be (1/(-3))/(7/(-84)). Suppose 0 = i*j + 4*r - 4 - 32, r = 3*j - 11. Suppose -10 = h - j. Let z(a) = -a**3 - 4*a**2 + 7*a + 6. Calculate z(h).
-4
Let b(g) = -g**2 + 5*g - 8. Let k be (-5 - -1 - -1) + 8. Give b(k).
-8
Let g(u) = u**2 - 9. Let y(r) = r**2 - 6. Let n(w) = 3*g(w) - 2*y(w). Calculate n(4).
1
Let z(a) = -a**3 - a**2 - 34. Let f = 848 + -848. Calculate z(f).
-34
Let d(j) = -j**2 - 6*j - 3. Let q be (-2)/(-3) - ((-134)/6 - 0). Suppose 21*a = q*a + 10. Calculate d(a).
2
Let v(i) = 23 - 81 + 29 - 6069*i + 6074*i + 27. Let h(l) = -3*l**2 - 2*l - 1. Let d be h(-1). Determine v(d).
-12
Let l(o) = -1. Let y(v) = v + 3. Let h(u) = -4*l(u) - y(u). Give h(7).
-6
Let j(t) = -69*t**2 + 4 + 126*t**2 - t - 58*t**2. Give j(-5).
-16
Let j(i) = -i - 10. Let g = -879 - -870. Calculate j(g).
-1
Let r(o) = 5*o - 5. Let t(n) = 5*n - 4. Let z(b) = 3*r(b) - 2*t(b). Let i = 1 + 3. Let l(s) = 6*s - 8. Let q(x) = i*z(x) - 3*l(x). Give q(-3).
-10
Let x = -20 + 1. Let d = x + 16. Let j = d + 5. Let o(p) = -p**2 + 2*p - 2. What is o(j)?
-2
Let g(q) = 19*q**2 - 3*q - 4. Let n(w) = -4*w**2 + 1. Let c(h) = -g(h) - 5*n(h). Determine c(-3).
-1
Let z = -918 + 928. Let p(b) = b**3 - 10*b**2 + 2*b + 2. What is p(z)?
22
Let k(y) = -y + 3*y - 7 + 3. Let o(b) = -b**2 - 5*b + 63. Let z be o(6). Calculate k(z).
-10
Let p(g) = g - 24. Let r(i) = -i**2 + 15*i - 30. Let s be r(11). What is p(s)?
-10
Let j(y) = y**3 - y**2 + y - 13. Let p = 51 + -53. Let v be 1*(8/p*-1 - 4). Calculate j(v).
-13
Let v(z) be the third derivative of z**7/5040 - 7*z**6/720 - 3*z**5/20 - z**4/24 + 3*z**2 - 2. Let r(o) be the third derivative of v(o). Determine r(7).
0
Let f be (-1 - -4)*(-20)/(-15). Suppose 0 = -f*q - 3*t - 8, 4*t = 5*q + 3 + 7. Let n(s) = s**3 + 2*s**2 + 2*s. Give n(q).
-4
Let r(s) = s**2 + s + 1. Let p(z) = 2*z**2 - 8*z + 1 + 0 + 4 - 6. Let u be p(4). Calculate r(u).
1
Let i(n) = n**2 + 5*n + 1. Suppose -34 = -2*z - 2. Suppose g + z = -3*g. Calculate i(g).
-3
Let d be (-75)/9 - 1/(-3). Let c be 5 + 4/d*0. Suppose 1 = c*j - 4. Let y(l) = 3*l**3 + l**2 - 1. Determine y(j).
3
Let v(i) be the second derivative of i**5/20 + 2*i**4/3 + 5*i**3/6 + 9*i**2/2 + i - 104. Give v(-7).
23
Let v(o) be the first derivative of -8/3*o**3 + 1/4*o**4 + 11/2*o**2 + 22 - 8*o. Determine v(7).
20
Let t(p) = 16*p**2 - 15*p - 3. Let w(i) = -11*i**2 + 11*i + 2. Let h(a) = 5*t(a) + 7*w(a). Determine h(1).
4
Let k(a) = -a**3 - 4*a**2 - a - 3. Let i = 11 + 4. Let y(x) = -5*x - 3. Let j be y(-2). Suppose -j*r - i = -2*r. Determine k(r).
-9
Let q(i) = -i - 10. Let m be q(-12). Let x = 0 + m. Let f(n) = n + n - x*n + n. Calculate f(-1).
-1
Let t(g) = g**2 - 3*g - 3. Let d(j) = -j + 20. Let x be d(16). Calculate t(x).
1
Let a(f) = -2*f**3 + 10*f**2 - 2*f + 11. Let s be a(4). Let b = s - 36. Let l(i) = -16*i**2 - 1. Determine l(b).
-17
Let m be 5 + 5*3/15. Let d(g) = 2*g - 13*g**2 + 11*g**2 + m - 6. Determine d(-3).
-24
Let w(u) = u - 16. Let l be (8 + (-168)/18)*-6. Give w(l).
-8
Let l(v) be the first derivative of -1/120*v**6 - 1/15*v**5 + 5/6*v**3 + 0*v - 2*v**2 + 1/24*v**4 + 6. Let b(u) be the second derivative of l(u). Give b(-4).
1
Let u(g) = 3*g - 19. Let s(v) = -4*v - 10. Let f be s(-4). Let r be u(f). Let b(w) = 5*w**3. What is b(r)?
-5
Suppose -2*m - 4 = -r, 21*m - 18*m + 5*r + 32 = 0. Let p(u) = u**3 + 6*u**2 + 6*u + 3. Give p(m).
11
Let f(x) = x + 9. Suppose -219*w = -222*w - 18. Let m be f(w). Let y(b) = -b**2 + 6*b - 3. Determine y(m).
6
Let v = 5 - 0. Suppose -4*u = -4*i + 8, -i = -v*u - 6 - 0. Let f(s) = 2*s**2 + 2*s + 1. Give f(u).
1
Let n(u) = u - 1. Let v(d) = -d + 14. Let a(o) = -3*n(o) - v(o). Calculate a(-7).
3
Let n(u) be the third derivative of -11*u**2 + 1/12*u**5 - 7/24*u**4 + 1/120*u**6 + 0*u + 0 - 7/6*u**3. Calculate n(-6).
-1
Let m(y) = -7*y - 10 + 11 + 8*y. Let w = 6 + -11. Let j = 5 + w. Give m(j).
1
Let h(z) = z**3 + 7*z**2 + 6*z. Let f be h(-4). Let q(c) = -3*c**2 - 5 - f*c - 16*c + 32*c + c**2. Calculate q(-5).
-15
Let y(d) = -2*d**2 + 4*d. Let a be (3/4)/((-90)/360). Give y(a).
-30
Let c(k) = k**2 - 2*k - 1. Let p be c(2). Let r = 7 - 5. Let o(j) = j**r - 1221 - 14*j**3 + j + 1221. Determine o(p).
14
Let n(b) = 3*b - 4. Suppose -6*r + 7 = r. Let y = 5 - r. Determine n(y).
8
Let x = -9 + 14. Let r(c) = -8 - 4*c - 5*c**2 + 1 - 4*c**3 + x*c**3. What is r(6)?
5
Let k(u) = -4*u - 22. Let q(l) = 4*l + 22. Let f(d) = -3*k(d) - 4*q(d). Determine f(-9).
14
Let n(g) be the first derivative of -g**3/3 + 4*g**2 - 7*g - 158. Let x = -32 + 20. Let i = x + 18. What is n(i)?
5
Suppose -90*o + 78*o = -180. Suppose 8*q - 3*q = 30. Suppose -a = -q*a - o. Let y(p) = -p**2 - 5*p - 3. Give y(a).
3
Let h(y) be the second derivative of 0 + 1/12*y**4 + 5/6*y**3 - 4*y**2 - 9*y. Let k = -6 + 0. Give h(k).
-2
Let x(m) = 14*m. Let w = -82 + 87. Let j be ((-84)/16 + w)*4. Calculate x(j).
-14
Let n(d) = -4. Let o(s) = -s + 21. Let g(l) = -4*n(l) - o(l). Give g(-4).
-9
Let t = 66 - 65. Let b(d) = -d + t + 7 - 7 + 2. Give b(-4).
7
Let x = 3 - 4. Let m(k) = -6*k**3 - 4*k**3 + k**2 - 15*k**3 + 17*k**3 - 1 - 5*k**3. What is m(x)?
13
Let a be 11/4 - 4/(-16). Let i(r) = r**2 - 6. Determine i(a).
3
Let q(u) = -u**3 - 8*u**2 + 35*u + 25. Let h be q(-11). Let m(g) = -2*g. What is m(h)?
-6
Let p(c) = -1 + 2*c + 0 + 14387*c**3 - 11*c**2 - 14388*c**3. Calculate p(-11).
-23
Suppose 3*z + 2 = -3*y - 4, 15 = -3*y. Let w(s) = 5*s**3 - 2*s**2 + 4*s**3 + 2*s**3 - 1 - z*s - 12*s**3. Let v be (-2)/2 - (0 + 1). Determine w(v).
5
Suppose 3*p - 7 = 2. Let k(y) = -y**3 + 5*y**2 - 2*y - 4. Let m be k(4). Let c(t) = -5*t**2 + 1821*t - 1818*t + 5*t**3 - m*t**3 - 3. Give c(p).
-12
Suppose -216 = -17*c - 7*c. Let p(n) = -n + 3. Give p(c).
-6
Let x be -2*(36/(-6) - -7). Let f(v) = -4 + 3 - 5 + 4 + 6*v. Determine f(x).
-14
Let b = -13875 + 13871. Let h(r) = 2*r**2 + 23*r - 6. Let n(t) be the first derivative of t**3/3 + 11*t**2/2 - 3*t - 1. Let g(u) = 6*h(u) - 13*n(u). Give g(b).
7
Let h(x) = 2*x - 34. Let v = -2276 + 2289. What is h(v)?
-8
Suppose 4*p + 6 + 2 = 4*c, 3*c = -6. Let x(t) = t**3 + 6*t**2 - 4. Let u(n) = n**3 + 6*n**2 + n - 4. Let m(v) = 4*u(v) - 3*x(v). Determine m(p).
12
Suppose 56 = 3*c - v - 4*v, 10 = 2*v. Suppose c + 9 = 3*g. Let y = g - 14. Let b(h) = -h**3 - h**2 - 2. Determine b(y).
2
Let n(l) = l**2 - 19*l - 28. Let i(b) = -8*b + 1. Let q(z) = 2*i(z) - n(z). Determine q(7).
2
Let r be (2 - 2)*1 + 3. Suppose -i = v - 3, -4*v + r*v - 3 = 4*i. Let l(c) be the third derivative of c**5/30 + c**4/24 + c**3/6 - 3*c**2. Give l(i).
7
Let x(t) be the first derivative of -t**2/2 - 5*t - 74. Give x(-5).
0
Let i be (-9)/6*(0 + 8/(-3)). Let h(t) = t**3 - 4*t**2 + t. Give h(i).
4
Let q(g) = -2*g**2 + 8. Let y(b) = 3*b**2 - 2*b - 15. Let h(m) = 5*q(m) + 3*y(m). Determine h(-6).
-5
Let y be 10/20*(-3)/((-9)/(-12)). Let a(z) = -8*z + 1. What is a(y)?
17
Suppose 0 = -5*y + b - 7, -3*y + 6*b - 11 = 2*b. Let m = -2 + 4. Let g(t) = 3*t + m + 1 - 2. Determine g(y).
-2
Let y(a) be the first derivative of a**5/5 + a**4/4 + 6*a + 1. Let o(q) be the first derivative of y(q). What is o(-2)?
-20
Suppose 0 = -4*q - 2*y - 16, 4*y = 5*q - q + 4. Let w(x) = -6*x - 4. What is w(q)?
14
Suppose -255*o = -250*o + 45. Let t(z) = 3*z - 1. Let q(f) = -13*f + 3. Let k(c) = o*t(c) - 2*q(c). Calculate k(-4).
7
Let c(g) = -4*g**3 - 10*g**2 + 4*g - 18. Let z(x) = 2*x**3 + 5*x**2 - 2*x + 10. Let h(o) = 6*c(o) + 11*z(o). Determine h(-4).
42
Suppose -3*h + 28 - 153 = -5*z, 2*z + 5*h - 81 = 0. Let g = z - 29. Let k = 0 - g. Let q(w) = 13*w**2. Calculate q(k)